 the remainder when 85 is divided by (3/(-6))/(y/g).
27
Let a = -537 + 575. Calculate the remainder when 69 is divided by a.
31
Suppose v = 1, 0*j + v + 115 = 4*j. Suppose 4*x + 8 + 0 = r, -5*r = 2*x - 84. What is the remainder when j is divided by r?
13
Let x be 14*(40/14 + 0 + -2). Let c be 2*-2*54/4. What is the remainder when c/(-10) + x/(-30) is divided by 4?
1
Suppose 0 = -2*z - 15*z + 714. Suppose -2*w = -q - 27, w = -2*w - 5*q + 73. Calculate the remainder when z is divided by w.
10
What is the remainder when -6*2/72 + (-385)/(-6) is divided by 10 + (-1)/1*-3?
12
Suppose -195 = -c - 14*c. What is the remainder when 69 is divided by c?
4
Let r = 1101 + -1093. What is the remainder when 158 is divided by r?
6
Suppose 0 = 31*a - 18*a - 364. What is the remainder when 76 is divided by a?
20
Let x = -325 + 361. What is the remainder when 65 is divided by x?
29
Let k(o) be the third derivative of 0 - 2*o**2 + 0*o + 3/8*o**4 + 1/6*o**5 + 1/120*o**6 + 2*o**3. Calculate the remainder when 45 is divided by k(-9).
9
Suppose 0 = 5*n - 78 + 18. Calculate the remainder when 597 is divided by n.
9
Let z(g) = -5*g**3 - 7*g**2 + 7*g + 8. Calculate the remainder when z(-4) is divided by 63.
62
Suppose 13*y = -y + 182. What is the remainder when 84 is divided by y?
6
Suppose -87 + 371 = 2*t. Let z(i) = 26*i + 842. What is the remainder when t is divided by z(-31)?
34
Suppose 32 = 2*c - 4*w, 3*c - 2*w - 12 = 24. Let r(z) be the third derivative of z**4/24 - 3*z**2. Calculate the remainder when 38 is divided by r(c).
8
Let w(y) = 21*y**3 + y**2 + y - 1. Let q(c) = -c**2 - c + 7. Let i be q(-4). Let p be ((-1)/(-2))/(i/(-10)). Calculate the remainder when 85 is divided by w(p).
19
Suppose -3*t - 4 = -220. What is the remainder when t is divided by 11?
6
Let u = -845 - -866. Calculate the remainder when 438 is divided by u.
18
Suppose 0 = -40*r + 36*r + 4*c + 552, 292 = 2*r + 2*c. Calculate the remainder when r is divided by 48.
46
Let s(l) be the first derivative of -l**4/4 + 10*l**3/3 - 8*l**2 + 7*l - 2. Let k = -376 - -384. What is the remainder when s(k) is divided by 2?
1
Suppose -4*i = -2*x + 14 - 46, x + 16 = -3*i. Let w = x + 98. Suppose 0 = -5*h + 78 + w. Calculate the remainder when h is divided by 18.
14
Suppose 5 + 7 = 2*z. Let m(f) = -20*f + 17. Let o be m(-4). Suppose -5*i = 3*r - 13 - o, -2*i = 2*r - 44. Calculate the remainder when i is divided by z.
4
Let f(q) = -13*q - 23. Let v be f(-10). Let s = 119 - v. What is the remainder when 56 is divided by s?
8
What is the remainder when 85 is divided by (16/5)/(49/35 - 1)?
5
Calculate the remainder when -3*(-232)/72 - 6/(-18) is divided by 7.
3
Suppose 5*h + t = 320, h - 5*t + 3*t - 53 = 0. Let o(c) = -c**2 + 67*c - 799. Calculate the remainder when h is divided by o(51).
12
What is the remainder when ((-16)/12)/(0 + (-3)/72) is divided by 13?
6
Calculate the remainder when 130 is divided by (-189)/(-14)*(-24)/9*-1.
22
Let h(y) = -2*y + 2. Let m be (2 - 2)/(0 - -1). Suppose m = l + v, -16 = 2*l - 3*v + v. What is the remainder when 17 is divided by h(l)?
7
Suppose -18*s + 925 = 19*s. Suppose v - 63 = 5*w, -3*w + 4*w - 45 = -v. Calculate the remainder when v is divided by s.
23
Let n be -1 + 4 + (-1644)/(-6). Suppose -o = c - 63, -3*o + 7*o - c = n. Suppose f = -2*k + 5 + 1, -2 = f + 4*k. What is the remainder when o is divided by f?
12
Let i = 1152 - 919. What is the remainder when i is divided by 52?
25
Let d be -4*(-4)/(-8) - -6. Suppose d*w - 48 = 16. Calculate the remainder when 46 is divided by w.
14
Let i = -144 + 343. Let m = -105 + i. What is the remainder when m is divided by 25?
19
Let m(o) = o**3 - 7*o**2 + 5*o. Let h be m(6). Let y = 18 - h. What is the remainder when y is divided by 7?
3
Suppose 0*r - r - 44 = -3*c, 4*c = 3*r + 67. Calculate the remainder when c is divided by 6.
1
What is the remainder when 157 is divided by 6/(-540)*-15 - 323/(-6)?
49
What is the remainder when (-244)/6*39/(-26) is divided by 8?
5
Let c be (-20 - -7)*-1*1. What is the remainder when 36 is divided by c*1 - (42/(-7) + 6)?
10
Suppose -7*p - 1510 = -9*p. Suppose 0 = -11*w + p + 444. Calculate the remainder when w is divided by 22.
21
Let c(v) = -27*v - 3. Suppose 0 = -2*u - 2 - 4. Calculate the remainder when c(u) is divided by 27.
24
Let d = -6 - -14. Let a(k) = -6 + d + 4*k - 4*k**2 + k**3 - 5*k. What is the remainder when a(5) is divided by 8?
6
Calculate the remainder when 323 is divided by (-1716)/(-88) + 6/(-4).
17
Suppose 4*w - 34 = 5*q - 0*q, 12 = w - 3*q. What is the remainder when 16 is divided by w?
4
Calculate the remainder when (-5 + 3)/((-6)/24 - 0) is divided by 6.
2
Let h = -220 - -223. Calculate the remainder when 18 is divided by h.
0
Let i be 4 - -2*(-40)/(-4). Let g = -26 + i. What is the remainder when (g + 2 + -1)*-5 is divided by 2?
1
Suppose u + 8 = 3*u, u - 46 = -3*l. Calculate the remainder when (-13 + 1)*9/(-6) is divided by l/(-3)*(-6)/4.
4
What is the remainder when (-7480)/(-48) + 5/(-6) is divided by 26?
25
Let z be ((-5)/(-4))/((-3)/60). Let i = z + 28. Calculate the remainder when 28 is divided by i.
1
Suppose u + 63 - 6 = 0. Suppose 0 = 2*x + 5*z - 215, -3*z - 223 = -2*x - 0*x. Let p = u + x. What is the remainder when p is divided by 14?
11
Suppose -4 = 4*t, -14 = -g + t + 124. Let c(h) = -h**2 - 11*h + 5. Calculate the remainder when g is divided by c(-6).
32
Let h = -790 - -828. What is the remainder when 378 is divided by h?
36
Let r be (-1689)/(-15) - (-6)/(-10). Suppose -c - 3*c = x - r, -4*c + 96 = -3*x. Calculate the remainder when 53 is divided by c.
26
Let m = 215 + -191. What is the remainder when 139 is divided by m?
19
Suppose 0*t + 5*g + 31 = 2*t, 0 = -2*g + 6. Calculate the remainder when 156 is divided by t.
18
Let i(u) = u**2 + 6*u - 13. Suppose -35 = -5*l + 5*f, 3*l + 0*f = 2*f + 16. Calculate the remainder when i(-8) is divided by l.
1
Suppose o - 4*i = 6*o - 25, 20 = 4*i. Let m = -8 + 9. Calculate the remainder when (-21)/(-7) - 0/o is divided by m.
0
Suppose 5*j - 4*v - 138 + 48 = 0, -2*j - 4*v = -64. What is the remainder when 373 is divided by j?
21
Suppose 20 = s - 5*h, 4*s - 5*h = -0*s + 20. Suppose -4*v + 3 + 25 = s. Calculate the remainder when v is divided by 2.
1
What is the remainder when 191 is divided by (-16)/(0/(-9) - 2)?
7
Suppose 0 = 4*d - 4*v - 32, -3*d = -4*d - v + 4. What is the remainder when 80 is divided by d?
2
Let m(u) = -3*u**3 - u**2 + 6*u + 14. Let c = 15 + -3. Calculate the remainder when m(-2) is divided by c.
10
Let m = 19 - 18. Calculate the remainder when 112 is divided by (m/(-3))/((-3)/261).
25
Suppose -47*b + 3021 = 483. What is the remainder when 153 is divided by b?
45
Calculate the remainder when 60/(-70) + 1955/35 is divided by 29.
26
What is the remainder when 4/(-3) - 518/(-42) is divided by (-4 - -2)*-1*2?
3
Let h(v) = 20*v - 11. What is the remainder when h(3) is divided by (41 + -2)*(-12)/(-18)?
23
Let q = 46 - 39. Let a = 27 - 14. Calculate the remainder when a is divided by q.
6
Suppose 62*w - 252 = 56*w. Calculate the remainder when w is divided by 30.
12
Let g(b) = -8 + 0*b**2 - 12*b**2 - b**2 - 5*b - 4*b**2 - b**3. Calculate the remainder when g(-17) is divided by 27.
23
Suppose 85 = y + 4*u, -9*u + 10*u = y - 70. Calculate the remainder when y is divided by 64.
9
Suppose -64*y - 612 = -82*y. What is the remainder when y is divided by 16?
2
Suppose 5*x - 4*c = 4654, -5*x + 4*x + 5*c = -914. Calculate the remainder when x is divided by 9.
7
Let n(z) = 0 - 5 + 5 - 1 + 5*z. Suppose -132 = 3*j - 7*j. Calculate the remainder when j is divided by n(2).
6
Let c(d) = -d**2 - 10*d + 23. Let r(l) = -10*l**3 - l**2 + l. Let h be r(1). Calculate the remainder when c(h) is divided by 12.
11
Suppose s - 187 = 415. What is the remainder when s is divided by 61?
53
Let t(u) = 2*u**2 - 3*u - 5. Let r be t(6). Suppose 27 = -j - 0*j. Let q = r + j. What is the remainder when q is divided by 8?
6
Suppose 3*n + 32 = 4*q, 27*n + 8 = q + 30*n. Calculate the remainder when 20 is divided by q.
4
Suppose -976 = 21*i - 4903. Calculate the remainder when i is divided by 49.
40
Suppose 3*w + 27 = -0*s + 3*s, 4*s - 56 = -w. Let k = -10 + s. What is the remainder when ((-1)/(-1))/(2/22) is divided by k?
2
Suppose 8*p - 30 = 3*p